 of -h**6/360 - h**5/120 - h**4/6 - h**3/2 + 2*h**2. Let q(t) be the first derivative of x(t). Determine q(0).
-4
Let w(t) = -2*t + 0 + 7*t - 2*t - 2. Let v(p) = -3*p + 1. Let k(f) = 3*v(f) + 2*w(f). Suppose -2 = -m - m - 5*d, -m + 4*d = -1. Calculate k(m).
-4
Let p(j) = -2*j + 0*j**2 + j**2 + 3 + 8*j. Let s(l) = l - 2. Let m be s(7). Let n = 1 - m. Calculate p(n).
-5
Suppose -4*m - 5*j + 34 = -m, 0 = -j + 5. Suppose -3*t + 1 = 2*l - m, 4*l = 3*t + 26. Let o(d) = d**3 - 6*d**2 + 4*d + 5. What is o(l)?
0
Let c(u) = u + 2. Let z be c(3). Let r(p) = 1 - 4*p**2 + 1 + z*p**2 + 2 + 3*p. Suppose 0 = -f + 5*a + 22, a = 3*f + 3*a + 19. What is r(f)?
4
Suppose 2*f = -f - 3*v, -v = 4*f - 15. Let g(p) = -p + 2. Calculate g(f).
-3
Let k = -13 - -19. Let v(x) be the first derivative of x**4/4 - 7*x**3/3 + 5*x**2/2 + 6*x - 5. Calculate v(k).
0
Let m(h) = h**2 - 9*h + 9. Suppose -t = -0*t - 7. Let b be m(t). Let s(k) = k**2 + 4*k - 3. Determine s(b).
2
Let m(r) be the first derivative of -r**3/3 - 4*r**2 - 6*r + 42. Let l = 1 - 6. Determine m(l).
9
Let g(u) = -3*u - 9. Let p(z) = 4*z + 10. Let a(h) = 6*g(h) + 5*p(h). Suppose -6*j + 85 = -j. Suppose -j = -5*m - 2. What is a(m)?
2
Let c(f) = -2*f**2 + 6 - f - f + 3*f**2 - 3*f. Calculate c(4).
2
Let m = 2 + 0. Suppose -5*f = -5*k - 40, 2*f = f + m*k + 8. Let n be (f - 4)*3/4. Let l(r) = r + 1. What is l(n)?
4
Let v(d) = 2*d - 1. Let u be v(-1). Let f(m) = -m**2 - m - 2. What is f(u)?
-8
Let j(x) = 10*x**2 - 4*x - 14*x**2 + 5*x**2. Let c(l) = -l**3 + 3*l**2 + 5*l + 1. Let t be c(4). Calculate j(t).
5
Let w(x) = -x**3 + 5*x**2 + 7*x - 4. Let a be w(6). Let b = 2 - a. Let j(y) = -2 + 7*y**2 - 1 - 8*y**2. What is j(b)?
-3
Let n be 3/((-9)/(-6)) + 0. Let u(t) = 9*t - 3*t**2 + 4 - 3*t + t**3 + 6*t**2 - n*t. What is u(-3)?
-8
Let x be 3/2*16/(-24). Let c(d) = -18*d**3 + 2*d**2 + d. Give c(x).
19
Let z(h) = -h**2 + 7*h - 3. Let v be z(6). Let t(p) be the third derivative of -p**6/120 + p**5/15 + 2*p**2. Give t(v).
9
Let b(o) = -1 + 6*o**2 + 0*o**3 - o**3 + 13*o - 15*o. Give b(5).
14
Let l(v) = 0*v + v - v**3 + 3*v**2 + 24 - 25 - 2*v**2. Calculate l(2).
-3
Suppose x = -0*m - m, 0 = -5*x + 5*m + 40. Suppose 0 = -2*h + x*h + 6. Let p(f) = 2*f + 1. Calculate p(h).
-5
Let j(g) = g**3 - g**2 - 9*g + 3. Let c(v) = -v**2 + 15*v + 15. Let s be c(16). Let o(t) = t**2 - t - 1. Let b(f) = s*j(f) + 3*o(f). Give b(5).
-1
Let l(v) be the first derivative of v**4/24 + v**3/6 - 3*v**2/2 - 2. Let m(a) be the second derivative of l(a). Calculate m(4).
5
Let y(i) = 3*i - 3. Let o(r) = r - 1. Let s(t) = 4*o(t) - y(t). Let u(h) = -5*h - 3. Let m(p) = 2*s(p) - u(p). What is m(1)?
8
Let r(q) be the second derivative of 9/2*q**2 + 0 - 4*q - 1/6*q**3. Give r(6).
3
Let f(x) = -2*x + 1. Let r be f(0). Let s(b) = 4*b**2 + 6*b - r + 4 - 2*b**2. Determine s(-4).
11
Suppose 3*z - 8 = -z. Let u(o) = -4 - z*o + 5*o**2 + 8 - 3. Suppose -4 = -5*h - 2*p + 5, 2*p - 1 = 3*h. Give u(h).
4
Let d(l) be the third derivative of l**4/24 - l**3/3 - 5*l**2. What is d(-6)?
-8
Let v(w) = 8*w - 20*w + 15*w - 7. Calculate v(5).
8
Suppose -4*i + 6*i - 6 = 0. Suppose 2*a = i*x - 2*x - 8, 23 = -4*x - 3*a. Let v(t) be the first derivative of 4*t**3/3 + 3*t**2/2 + 1. What is v(x)?
10
Let r(i) = -3*i**2 - 3*i. Let d(y) = -2*y**2 - 2*y. Let z(s) = 5*d(s) - 3*r(s). What is z(-3)?
-6
Suppose -u = 3*p + 15, 0*u - 4*u + 20 = -4*p. Let r = 1 - -1. Suppose u*s = r*s. Let v(w) = -w + 4. Calculate v(s).
4
Let o(h) = -h**2 - 12*h + 3. Let p = 3 - 15. Let c be o(p). Let y(r) be the third derivative of -r**4/12 + r**3/2 - 2*r**2. Determine y(c).
-3
Let f(m) = -1. Let q(t) = -3*t. Let r(y) = y**2 - 6*y + 6. Let j be r(5). Suppose -3*d + 5 = 2*d + w, -2*w + j = d. Let p(h) = d*q(h) + 2*f(h). What is p(-2)?
4
Let z(o) = 2*o**3 - o + 5*o + 2 + 4*o**2 - o**3. Suppose -41*y + 12 = -45*y. What is z(y)?
-1
Let y(c) be the second derivative of -c**3 + 31*c. Suppose 0 = -4*i + 5*g + 24, 4*g + 11 = -5*i - 0*i. Give y(i).
-6
Let z(r) = r**3 - 6*r**2 + 3*r - 3. Let v(u) = -2*u - 3. Let j be v(-4). What is z(j)?
-13
Let l(g) be the first derivative of g**4/4 - 2*g**3 + 2*g**2 + 2*g + 1. Determine l(5).
-3
Let l(b) = -3*b**3 - 2*b**2 + 4*b + 4. Let y(h) = 4*h**3 + h**2 - 4*h - 4. Let f(w) = 5*l(w) + 4*y(w). Determine f(5).
-1
Let s(h) = 2*h**2 + h - 4. Suppose 2 - 17 = -5*m. Give s(m).
17
Suppose -v + 6*v + 25 = 0. Let h(d) be the third derivative of d**6/120 + d**5/12 - d**4/8 - 7*d**3/6 - 57*d**2. What is h(v)?
8
Let p(b) be the first derivative of b**4/4 - 4*b**3/3 - 3*b**2 + 7*b + 1. Give p(5).
2
Let d(g) = -g - 6*g + 12*g - 3*g + 4. Give d(-3).
-2
Let h(m) = -3*m - 2 + 8 - 2 + 0*m. Calculate h(5).
-11
Let f(y) = y**2 - 8*y - 8. Let t be f(9). Let h(l) = -l**2 + 2*l - 1. Calculate h(t).
0
Let t(m) be the second derivative of -m**6/120 + m**5/12 - m**4/6 + m**3/3 + 5*m**2/2 + 4*m. Let j(r) be the first derivative of t(r). Determine j(4).
2
Let o = 9 - 9. Suppose o*p - 5 = -p. Suppose p*q = -9 - 1. Let h(d) = d**3 + 3*d**2 + 2*d - 2. Give h(q).
-2
Let a(s) = s**2 + 6*s - 3. Suppose -25*t + 20 = -29*t. Give a(t).
-8
Let o(n) be the first derivative of -n**4/4 + 5*n**3/3 + n**2 - 6*n - 11. What is o(5)?
4
Let i(v) = -v**2 - 5*v - 5. Let s be -1 - 7 - (-7 + 16/4). Calculate i(s).
-5
Let t(w) = -w**3 - 7*w**2 - 7*w - 3. Let u be t(-6). Let d = u + -2. Let o(x) = 5*x**3 + 0 + 4*x - 5*x - d. Determine o(-1).
-5
Let u(b) be the second derivative of b**6/120 + b**5/12 - b**4/4 - b**3/2 - 5*b**2/2 + 7*b. Let g(w) be the first derivative of u(w). Calculate g(-6).
-3
Let k(g) = g**3 - 6*g**2 - g. Let j(u) = -u**3 - 2*u**2 + 7*u + 2. Let b be j(-4). Give k(b).
-6
Let p(j) = j + 8. Let f(t) = 1. Let w(s) = 2*f(s) - p(s). Let b = 1 + -6. Determine w(b).
-1
Suppose -a + 5*a + 3*r + 4 = 0, 2*a - 3*r - 16 = 0. Let t(g) = 2 - g**3 - 2*g - a*g**2 + 2*g - 2*g. Let d(z) = -z**2 - 3*z - 2. Let c be d(-3). Determine t(c).
6
Suppose -3*j + 7 + 8 = 0. Suppose 2*n + 5 + j = 0. Let f(m) = 5*m + 5*m**2 + m**3 - 5 - m + m**2. Give f(n).
0
Let z(w) be the third derivative of -w**4/12 - 2*w**2. Let f be (-10)/6*(-3)/1. Suppose -5*k = -f*r + 15, -4*r - 15 - 3 = 2*k. What is z(r)?
4
Let y(t) = t**2 - 6*t - 1. Let r(n) = -n**3 - 3*n**2 - 7*n - 5. Let u be r(-2). Calculate y(u).
-6
Let h(r) be the first derivative of -r**4/2 - 4*r**3/3 - r**2 + r + 1. Let q be -5*(2 - (-24)/(-15)). Give h(q).
5
Let v(s) = s**2 - 6*s - 6. Let m(f) = f**2 + 5*f - 8. Let w = -23 + 16. Let c be m(w). Calculate v(c).
-6
Let m(b) = -3*b**2 - 1. Suppose -3*n = 5*d + 1, -7*d + 5*n + 15 = -2*d. Determine m(d).
-4
Suppose 0 = -k - 3*k - 8, q + 9 = -2*k. Let u(v) = -2*v - 7. Let y be u(q). Let z(b) be the first derivative of -b**4/4 + b**3/3 + 2*b**2 + 1. What is z(y)?
-6
Suppose -5*n - 1 = t + 1, 2*t + 4*n = 2. Let y(h) = -3*h + 5*h + h - 4. Calculate y(t).
5
Let b(m) = 58*m**2 - 12 + 58*m**2 - 182*m**2 + 67*m**2. Determine b(0).
-12
Let l = -2 + 7. Suppose -5*q + 5*n = 0, -2 = 3*q + l*n - 42. Let g(h) = 6*h + 4 + 1 - 4 + 1 - h**2. Determine g(q).
7
Let v(s) be the first derivative of -s**3/3 - 2*s**2 + 4*s - 13. Calculate v(-4).
4
Let i(b) = 4*b**2 + b + 4. Let v(u) = 6*u**2 + 2*u + 6. Let r(y) = -8*i(y) + 5*v(y). Determine r(2).
-6
Let w(r) = -3*r - 1. Let j be (-1)/(3/15*-1). Suppose 0 = j*g - 4*g - 1. Give w(g).
-4
Let s(p) = -p**2 + 1. Let z(x) = 7*x**2 + x - 6. Let h(d) = -6*s(d) - z(d). Give h(2).
-6
Let n(i) be the first derivative of -i**2 + i + 4. Give n(1).
-1
Suppose -4*t + 4 = -8. Suppose 6 = 3*y - 2*g, 2*y = g - 2*g + 4. Let k(q) = t*q + 0*q - q**y + 0*q. Give k(2).
2
Let i = -1 - 4. Let b(r) = r**2 - 7*r - 4. Let k(z) be the third derivative of z**5/60 - 2*z**2. Let f(s) = b(s) - 2*k(s). What is f(i)?
6
Let w(o) = o**3 + 4*o**2 + 5*o + 4. Let d be (-3 + 0)*104/39. Suppose 6*m = 3*m - 15. Let h = d - m. What is w(h)?
-2
Let q(s) be the third derivative of s**6/30 + s**5/30 - s**3/6 + 30*s**2. Calculate q(1).
5
Let u(o) = -8*o**2 + o**2 + 2*o + 4 - 3. Suppose 2*t - 3*i = i - 10, -2*i = -4. Determine u(t).
-8
Let a(r) = -3*r - 2*r**2 + 1 - 2*r**2 - 4 + 6*r**2. Suppose 3 = -3*s - x, -5*x = -3*s + 4*s - 13. What is a(s)?
11
Let w(k) = -k**3 - 3*k**2 - k - 2. Let x be w(-3). Let j be 4 + 0 + -1 + x. Let z(h) = 4 - h**3 + 5*h**2 + 0 - 1 - 4*h. Give